{"id":40,"date":"2023-03-23T20:32:36","date_gmt":"2023-03-23T20:32:36","guid":{"rendered":"https:\/\/intellectime.com.mx\/?page_id=40"},"modified":"2023-03-30T18:49:31","modified_gmt":"2023-03-30T18:49:31","slug":"inicio","status":"publish","type":"page","link":"https:\/\/intellectime.com.mx\/","title":{"rendered":"Inicio"},"content":{"rendered":"\n<p><\/p>\n\n\n\n<p><strong>Intellectime<\/strong>\u00a0es asesor\u00eda especializada en Propiedad Intelectual enfocada a la innovaci\u00f3n. Su misi\u00f3n es contribuir directamente al logro de invenciones competentes y competitivas brindando asesor\u00eda en dise\u00f1o de proyectos cient\u00edficos, as\u00ed como el tr\u00e1mite y gesti\u00f3n de patentes. Su caracter\u00edstica principal es la aportaci\u00f3n de una estrategia metodol\u00f3gica para la realizaci\u00f3n de invenciones que aseguren la calidad inventiva, para la adecuada protecci\u00f3n por autoridades de propiedad industrial nacionales e internacionales.<\/p>\n\n\n\n<figure class=\"wp-block-image size-large\"><img loading=\"lazy\" decoding=\"async\" width=\"1024\" height=\"684\" src=\"https:\/\/intellectime.com.mx\/wp-content\/uploads\/2023\/03\/think-1024x684.jpeg\" alt=\"\" class=\"wp-image-53\" srcset=\"https:\/\/intellectime.com.mx\/wp-content\/uploads\/2023\/03\/think-1024x684.jpeg 1024w, https:\/\/intellectime.com.mx\/wp-content\/uploads\/2023\/03\/think-300x200.jpeg 300w, https:\/\/intellectime.com.mx\/wp-content\/uploads\/2023\/03\/think-768x513.jpeg 768w, https:\/\/intellectime.com.mx\/wp-content\/uploads\/2023\/03\/think-1536x1025.jpeg 1536w, https:\/\/intellectime.com.mx\/wp-content\/uploads\/2023\/03\/think.jpeg 1600w\" sizes=\"auto, (max-width: 1024px) 100vw, 1024px\" \/><\/figure>\n\n\n\n<p>Est\u00e1 dirigida a:<\/p>\n\n\n\n<ul class=\"wp-block-list\">\n<li>Centros de Investigaci\u00f3n aplicada<\/li>\n\n\n\n<li>Universidades<\/li>\n\n\n\n<li>Investigadores independientes<\/li>\n\n\n\n<li>Sector empresarial<\/li>\n<\/ul>\n\n\n\n<p><strong>DIRECTORA RESPONSABLE:<br>M.C. MARISELA GARZA RUIZ<\/strong><\/p>\n\n\n\n<p><strong>QU\u00cdMICA BACTERI\u00d3LOGA PARASIT\u00d3LOGA Y MASTER EN PROPIEDAD INDUSTRIAL E INTELECTUAL Y DERECHO DE LA SOCIEDAD DE LA INFORMACI\u00d3N.<\/strong><\/p>\n\n\n\n<p>Profesora Universitaria de las carreras de Qu\u00edmico Bacteri\u00f3logo Parasit\u00f3logo, Licenciado en Ciencia de los Alimentos y Licenciado en Biotecnolog\u00eda Gen\u00f3mica, imparte las materias de Desarrollo y Transferencia de Tecnolog\u00eda, Gesti\u00f3n de la Calidad, Administraci\u00f3n de Laboratorios; en posgrado imparte las materias de Seminario de Investigaci\u00f3n, Investigaci\u00f3n Cient\u00edfica y Redacci\u00f3n y defensa de tesis. Especialista en Propiedad Industrial e Intelectual por la Universidad de Alicante Espa\u00f1a, Gesti\u00f3n de Tecnolog\u00eda por la Fundaci\u00f3n Premio Nacional de Tecnolog\u00eda, Tr\u00e1mite y Gesti\u00f3n de invenciones por el Instituto Mexicano de la Propiedad Industrial y Evaluaci\u00f3n del Sistema de la Calidad ISO 9001:2008 certificada como auditor interno por NCA Europa.<\/p>\n\n\n\n<p><strong><em>Master en Propiedad Industrial e Intelectual por la Universidad de Alicante, Espa\u00f1a.<\/em><\/strong><\/p>\n\n\n\n<p><strong>e-mail:<\/strong><a href=\"mailto:mgarza@intellectime.com.mx\"><strong>mgarza@intellectime.com.mx<\/strong><\/a><\/p>\n\n\n\n<p><strong>&nbsp;Experiencia en:<\/strong><\/p>\n\n\n\n<p><strong>Vigilancia Tecnol\u00f3gica.&nbsp;<\/strong>experta en b\u00fasqueda de factibilidad t\u00e9cnica y comercial en bases de datos de patentes. Organizadora de talleres de b\u00fasquedas tecnol\u00f3gicas.<\/p>\n\n\n\n<p><strong>Planeaci\u00f3n Estrat\u00e9gica y\/o Tecnol\u00f3gica.&nbsp;<\/strong>Identificaci\u00f3n de fortalezas, debilidades, oportunidades y amenazas para el establecimiento de una estrategia que lleve a una ventaja competitiva. Docente en el \u00e1rea de gesti\u00f3n de la calidad, desarrollo de tecnolog\u00eda, transferencia de tecnolog\u00eda.<\/p>\n\n\n\n<p><strong>Protecci\u00f3n del Patrimonio.&nbsp;<\/strong>Maestr\u00eda en Propiedad Industrial e Intelectual en la Universidad de Alicante, Espa\u00f1a.&nbsp;Organizadora de talleres para la capacitaci\u00f3n en redacci\u00f3n de patentes al sector inventivo.<\/p>\n\n\n\n<p><strong>Adquisici\u00f3n, Asimilaci\u00f3n, Desarrollo y\/o Transferencia de Tecnolog\u00eda.&nbsp;<\/strong>Aplicaci\u00f3n de Modelo para la Realizaci\u00f3n de Invenciones con criterios de patentabilidad desde la planeaci\u00f3n de la investigaci\u00f3n o dise\u00f1o.&nbsp;Organizadora de talleres para la capacitaci\u00f3n al sector inventivo en la planeaci\u00f3n de la investigaci\u00f3n aplicada para obtener innovaciones.<\/p>\n\n\n\n<p><strong>Gesti\u00f3n del Personal Tecnol\u00f3gico.&nbsp;<\/strong>Capacitaci\u00f3n de investigadores universitarios, personal de desarrollo de productos de empresas de la industria alimenticia.&nbsp;Organizaci\u00f3n de Talleres de Gesti\u00f3n de la Innovaci\u00f3n en la UANL. Docente de posgrado-Maestr\u00eda en la materia Seminario de investigaci\u00f3n Cient\u00edfica, en UANL.<\/p>\n\n\n\n<p><strong>Implantaci\u00f3n de la Innovaci\u00f3n.&nbsp;<\/strong>Tr\u00e1mite de solicitudes y t\u00edtulos de patente, dise\u00f1os industriales, modelos de utilidad, secretos industriales y derechos de autor.&nbsp;Elaboraci\u00f3n de contratos para licencias exclusivas territoriales para la comercializaci\u00f3n de propiedad industrial.&nbsp;Asesora sobre la implantaci\u00f3n de la innovaci\u00f3n en proyectos industriales y de investigaci\u00f3n.<\/p>\n\n\n\n<p><strong>Resultados Tecnol\u00f3gicos.&nbsp;<\/strong>Obtenci\u00f3n de procedimientos y productos nuevos con actividad inventiva para su reproducci\u00f3n industrial.&nbsp;Recib\u00ed capacitaci\u00f3n en la oficina de examen de fondo \u00e1rea biotecnol\u00f3gica del Instituto Mexicano de la Propiedad Industrial para la obtenci\u00f3n de resultados tecnol\u00f3gicos por medio de la elaboraci\u00f3n de invenciones.<\/p>\n","protected":false},"excerpt":{"rendered":"<p>Intellectime\u00a0es asesor\u00eda especializada en Propiedad Intelectual enfocada a la innovaci\u00f3n. Su misi\u00f3n es contribuir directamente al logro de invenciones competentes y competitivas brindando asesor\u00eda en dise\u00f1o de proyectos cient\u00edficos, as\u00ed como el tr\u00e1mite y gesti\u00f3n de patentes. Su caracter\u00edstica principal &hellip; <\/p>\n","protected":false},"author":1,"featured_media":0,"parent":0,"menu_order":0,"comment_status":"closed","ping_status":"closed","template":"","meta":{"footnotes":""},"class_list":["post-40","page","type-page","status-publish","hentry"],"yoast_head":"<!-- This site is optimized with the Yoast SEO plugin v20.8 - https:\/\/yoast.com\/wordpress\/plugins\/seo\/ -->\n<title>Inicio - Intellectime<\/title>\n<meta name=\"robots\" content=\"index, follow, max-snippet:-1, max-image-preview:large, max-video-preview:-1\" \/>\n<link rel=\"canonical\" href=\"https:\/\/intellectime.com.mx\/\" \/>\n<meta property=\"og:locale\" content=\"es_MX\" \/>\n<meta property=\"og:type\" content=\"article\" \/>\n<meta property=\"og:title\" content=\"Inicio - Intellectime\" \/>\n<meta property=\"og:description\" content=\"Intellectime\u00a0es asesor\u00eda especializada en Propiedad Intelectual enfocada a la innovaci\u00f3n. Su misi\u00f3n es contribuir directamente al logro de invenciones competentes y competitivas brindando asesor\u00eda en dise\u00f1o de proyectos cient\u00edficos, as\u00ed como el tr\u00e1mite y gesti\u00f3n de patentes. Su caracter\u00edstica principal &hellip;\" \/>\n<meta property=\"og:url\" content=\"https:\/\/intellectime.com.mx\/\" \/>\n<meta property=\"og:site_name\" content=\"Intellectime\" \/>\n<meta property=\"article:modified_time\" content=\"2023-03-30T18:49:31+00:00\" \/>\n<meta property=\"og:image\" content=\"https:\/\/intellectime.com.mx\/wp-content\/uploads\/2023\/03\/think-1024x684.jpeg\" \/>\n<meta name=\"twitter:card\" content=\"summary_large_image\" \/>\n<meta name=\"twitter:label1\" content=\"Tiempo de lectura\" \/>\n\t<meta name=\"twitter:data1\" content=\"3 minutos\" \/>\n<script type=\"application\/ld+json\" class=\"yoast-schema-graph\">{\"@context\":\"https:\/\/schema.org\",\"@graph\":[{\"@type\":\"WebPage\",\"@id\":\"https:\/\/intellectime.com.mx\/\",\"url\":\"https:\/\/intellectime.com.mx\/\",\"name\":\"Inicio - Intellectime\",\"isPartOf\":{\"@id\":\"https:\/\/intellectime.com.mx\/#website\"},\"datePublished\":\"2023-03-23T20:32:36+00:00\",\"dateModified\":\"2023-03-30T18:49:31+00:00\",\"breadcrumb\":{\"@id\":\"https:\/\/intellectime.com.mx\/#breadcrumb\"},\"inLanguage\":\"es\",\"potentialAction\":[{\"@type\":\"ReadAction\",\"target\":[\"https:\/\/intellectime.com.mx\/\"]}]},{\"@type\":\"BreadcrumbList\",\"@id\":\"https:\/\/intellectime.com.mx\/#breadcrumb\",\"itemListElement\":[{\"@type\":\"ListItem\",\"position\":1,\"name\":\"Inicio\",\"item\":\"https:\/\/intellectime.com.mx\/\"},{\"@type\":\"ListItem\",\"position\":2,\"name\":\"Inicio\"}]},{\"@type\":\"WebSite\",\"@id\":\"https:\/\/intellectime.com.mx\/#website\",\"url\":\"https:\/\/intellectime.com.mx\/\",\"name\":\"Intellectime\",\"description\":\"Asesoria especializada en Propiedad Intelectual\",\"publisher\":{\"@id\":\"https:\/\/intellectime.com.mx\/#organization\"},\"potentialAction\":[{\"@type\":\"SearchAction\",\"target\":{\"@type\":\"EntryPoint\",\"urlTemplate\":\"https:\/\/intellectime.com.mx\/?s={search_term_string}\"},\"query-input\":\"required name=search_term_string\"}],\"inLanguage\":\"es\"},{\"@type\":\"Organization\",\"@id\":\"https:\/\/intellectime.com.mx\/#organization\",\"name\":\"Intellectime\",\"url\":\"https:\/\/intellectime.com.mx\/\",\"logo\":{\"@type\":\"ImageObject\",\"inLanguage\":\"es\",\"@id\":\"https:\/\/intellectime.com.mx\/#\/schema\/logo\/image\/\",\"url\":\"https:\/\/intellectime.com.mx\/wp-content\/uploads\/2023\/03\/Logo_Intellectime_single_small.png\",\"contentUrl\":\"https:\/\/intellectime.com.mx\/wp-content\/uploads\/2023\/03\/Logo_Intellectime_single_small.png\",\"width\":50,\"height\":50,\"caption\":\"Intellectime\"},\"image\":{\"@id\":\"https:\/\/intellectime.com.mx\/#\/schema\/logo\/image\/\"}}]}<\/script>\n<!-- \/ Yoast SEO plugin. -->","yoast_head_json":{"title":"Inicio - Intellectime","robots":{"index":"index","follow":"follow","max-snippet":"max-snippet:-1","max-image-preview":"max-image-preview:large","max-video-preview":"max-video-preview:-1"},"canonical":"https:\/\/intellectime.com.mx\/","og_locale":"es_MX","og_type":"article","og_title":"Inicio - Intellectime","og_description":"Intellectime\u00a0es asesor\u00eda especializada en Propiedad Intelectual enfocada a la innovaci\u00f3n. Su misi\u00f3n es contribuir directamente al logro de invenciones competentes y competitivas brindando asesor\u00eda en dise\u00f1o de proyectos cient\u00edficos, as\u00ed como el tr\u00e1mite y gesti\u00f3n de patentes. Su caracter\u00edstica principal &hellip;","og_url":"https:\/\/intellectime.com.mx\/","og_site_name":"Intellectime","article_modified_time":"2023-03-30T18:49:31+00:00","og_image":[{"url":"https:\/\/intellectime.com.mx\/wp-content\/uploads\/2023\/03\/think-1024x684.jpeg"}],"twitter_card":"summary_large_image","twitter_misc":{"Tiempo de lectura":"3 minutos"},"schema":{"@context":"https:\/\/schema.org","@graph":[{"@type":"WebPage","@id":"https:\/\/intellectime.com.mx\/","url":"https:\/\/intellectime.com.mx\/","name":"Inicio - Intellectime","isPartOf":{"@id":"https:\/\/intellectime.com.mx\/#website"},"datePublished":"2023-03-23T20:32:36+00:00","dateModified":"2023-03-30T18:49:31+00:00","breadcrumb":{"@id":"https:\/\/intellectime.com.mx\/#breadcrumb"},"inLanguage":"es","potentialAction":[{"@type":"ReadAction","target":["https:\/\/intellectime.com.mx\/"]}]},{"@type":"BreadcrumbList","@id":"https:\/\/intellectime.com.mx\/#breadcrumb","itemListElement":[{"@type":"ListItem","position":1,"name":"Inicio","item":"https:\/\/intellectime.com.mx\/"},{"@type":"ListItem","position":2,"name":"Inicio"}]},{"@type":"WebSite","@id":"https:\/\/intellectime.com.mx\/#website","url":"https:\/\/intellectime.com.mx\/","name":"Intellectime","description":"Asesoria especializada en Propiedad Intelectual","publisher":{"@id":"https:\/\/intellectime.com.mx\/#organization"},"potentialAction":[{"@type":"SearchAction","target":{"@type":"EntryPoint","urlTemplate":"https:\/\/intellectime.com.mx\/?s={search_term_string}"},"query-input":"required name=search_term_string"}],"inLanguage":"es"},{"@type":"Organization","@id":"https:\/\/intellectime.com.mx\/#organization","name":"Intellectime","url":"https:\/\/intellectime.com.mx\/","logo":{"@type":"ImageObject","inLanguage":"es","@id":"https:\/\/intellectime.com.mx\/#\/schema\/logo\/image\/","url":"https:\/\/intellectime.com.mx\/wp-content\/uploads\/2023\/03\/Logo_Intellectime_single_small.png","contentUrl":"https:\/\/intellectime.com.mx\/wp-content\/uploads\/2023\/03\/Logo_Intellectime_single_small.png","width":50,"height":50,"caption":"Intellectime"},"image":{"@id":"https:\/\/intellectime.com.mx\/#\/schema\/logo\/image\/"}}]}},"_links":{"self":[{"href":"https:\/\/intellectime.com.mx\/index.php?rest_route=\/wp\/v2\/pages\/40","targetHints":{"allow":["GET"]}}],"collection":[{"href":"https:\/\/intellectime.com.mx\/index.php?rest_route=\/wp\/v2\/pages"}],"about":[{"href":"https:\/\/intellectime.com.mx\/index.php?rest_route=\/wp\/v2\/types\/page"}],"author":[{"embeddable":true,"href":"https:\/\/intellectime.com.mx\/index.php?rest_route=\/wp\/v2\/users\/1"}],"replies":[{"embeddable":true,"href":"https:\/\/intellectime.com.mx\/index.php?rest_route=%2Fwp%2Fv2%2Fcomments&post=40"}],"version-history":[{"count":5,"href":"https:\/\/intellectime.com.mx\/index.php?rest_route=\/wp\/v2\/pages\/40\/revisions"}],"predecessor-version":[{"id":63,"href":"https:\/\/intellectime.com.mx\/index.php?rest_route=\/wp\/v2\/pages\/40\/revisions\/63"}],"wp:attachment":[{"href":"https:\/\/intellectime.com.mx\/index.php?rest_route=%2Fwp%2Fv2%2Fmedia&parent=40"}],"curies":[{"name":"wp","href":"https:\/\/api.w.org\/{rel}","templated":true}]}}