{"id":8,"date":"2023-03-23T16:51:56","date_gmt":"2023-03-23T16:51:56","guid":{"rendered":"https:\/\/intellectime.com.mx\/?page_id=8"},"modified":"2023-03-23T20:14:05","modified_gmt":"2023-03-23T20:14:05","slug":"servicios","status":"publish","type":"page","link":"https:\/\/intellectime.com.mx\/?page_id=8","title":{"rendered":"Servicios"},"content":{"rendered":"\n<p>Nuestros Servicios:<\/p>\n\n\n\n<ul class=\"wp-block-list\">\n<li>Vigilancia Tecnol\u00f3gica<\/li>\n\n\n\n<li>Planeaci\u00f3n de Proyectos<\/li>\n\n\n\n<li>Redacci\u00f3n de Patentes<\/li>\n\n\n\n<li>Registro de Marca<\/li>\n<\/ul>\n\n\n\n<p>En Intellectime, te ayudamos a identificar si tu proyecto tiene los requisitos necesarios para que puedas protegerlo, ya sea por patente de invenci\u00f3n, modelo de utilidad o dise\u00f1o industrial. Cont\u00e1ctanos y organizaremos una reuni\u00f3n virtual contigo para platicarte la forma en que trabajamos, no te preocupes sabemos que tu proyecto es importante y te aseguramos su confidencialidad.<\/p>\n\n\n\n<p><strong>\u00bf Sabes por qu\u00e9 conviene Proteger una Invenci\u00f3n?<\/strong><\/p>\n\n\n\n<ul class=\"wp-block-list\">\n<li>Derechos exclusivos.<\/li>\n\n\n\n<li>Rendimiento de las inversiones.<\/li>\n\n\n\n<li>Posibilidad de conceder una licencia o vender la invenci\u00f3n.<\/li>\n\n\n\n<li>Aumento del poder de negociaci\u00f3n.<\/li>\n\n\n\n<li>Imagen positiva de la empresa.<\/li>\n<\/ul>\n\n\n\n<p id=\"vigilancia-tecnologica\"><strong>VIGILANCIA TECNOL\u00d3GICA<\/strong><\/p>\n\n\n\n<p>El sistema de patentes fomenta la consulta de informaci\u00f3n tecnol\u00f3gica contenida en patentes publicadas, para conocer el estado de la t\u00e9cnica y desarrollar invenciones competentes. B\u00fasqueda de patentes sobre un tema espec\u00edfico es \u00fatil para las empresas que quieren estar a la vanguardia en innovaci\u00f3n.<br>Informe tecnol\u00f3gico de patentes es un an\u00e1lisis a profundidad de documentos publicados en Bases de Datos de Patentes sobre alg\u00fan tema espec\u00edfico, incluye copias de los documentos m\u00e1s relevantes encontrados.<br>Dictamen de factibilidad es un an\u00e1lisis de la novedad, actividad inventiva y actividad industrial de cierto producto o proceso que se desea patentar.<\/p>\n\n\n\n<p id=\"planeacion-de-proyectos\"><strong>PLANEACION DE PROYECTOS<\/strong><\/p>\n\n\n\n<p>La planeaci\u00f3n de proyectos de investigaci\u00f3n involucra una adecuada planeaci\u00f3n<\/p>\n\n\n\n<p>estrat\u00e9gica, alineaci\u00f3n de objetivos, competencia del personal, consideraci\u00f3n de riesgos, etc., donde el m\u00e9todo se convierte en la primera fase para la realizaci\u00f3n del proyecto. La metodolog\u00eda cient\u00edfica es el enfoque a la realizaci\u00f3n de un producto o proceso diferente, no obvio, y perfectamente reproducible.<\/p>\n\n\n\n<p>Intellectime asesora al investigador sobre el m\u00e9todo para la realizaci\u00f3n de invenciones y ofrece asistencia en la realizaci\u00f3n de la metodolog\u00eda cient\u00edfica para la obtenci\u00f3n de innovaci\u00f3n de productos o procesos que cumplan con los requisitos de novedad, actividad inventiva y actividad industrial focalizados en biotecnolog\u00eda.<\/p>\n\n\n\n<p id=\"redaccion-de-patentes\"><strong>REDACCI\u00d3N DE PATENTES<\/strong><\/p>\n\n\n\n<p>Es importante que toda invenci\u00f3n que tenga una ventaja competitiva sea protegida adecuadamente.<\/p>\n\n\n\n<p>\u201cUna patente es un derecho exclusivo concedido a una invenci\u00f3n, es decir, un producto o procedimiento que aporta, en general, una nueva manera de hacer algo o una nueva soluci\u00f3n t\u00e9cnica a un problema. Para que sea patentable, la invenci\u00f3n debe satisfacer determinados requisitos\u201d. (OMPI)<\/p>\n\n\n\n<p>Partiendo de la informaci\u00f3n generada de la investigaci\u00f3n cient\u00edfica y siguiendo los requisitos de examen de forma y fondo de las oficinas de patentamiento, Intellectime elabora un documento escrito mediante la \u201credacci\u00f3n de la patente de invenci\u00f3n\u201d.<\/p>\n\n\n\n<p id=\"registro-de-marca\"><strong>REGISTRO DE MARCA<\/strong><\/p>\n\n\n\n<p>\u00abLa marca es todo signo perceptible por los sentidos y susceptible de representarse&nbsp;de manera que permita determinar el objeto claro y preciso de la protecci\u00f3n, que distinga productos o servicios de otros de su misma especie o clase en el mercado\u00bb. LFPPI Art.171.Puedes proteger:<\/p>\n\n\n\n<ol class=\"wp-block-list\">\n<li>Denominaciones.<\/li>\n\n\n\n<li>Letras.<\/li>\n\n\n\n<li>N\u00fameros.<\/li>\n\n\n\n<li>Elementos figurativos y combinaciones de colores.<\/li>\n\n\n\n<li>Hologramas.<\/li>\n\n\n\n<li>Formas tridimensionales.<\/li>\n\n\n\n<li>Nombres comerciales y denominaciones o razones sociales.<\/li>\n\n\n\n<li>Nombre propio de una persona f\u00edsica, siempre que no se confunda con una marca registrada o un nombre comercial publicado.<\/li>\n\n\n\n<li>Sonidos.<\/li>\n\n\n\n<li>Olores.<\/li>\n\n\n\n<li>&nbsp;El conjunto de elementos operativos o de imagen( tama\u00f1o, dise\u00f1o, color, disposici\u00f3n de la forma, etiqueta, empaque, decoraci\u00f3n o cualquier otro que al combinarse, distingan productos o servicios en el mercado.<\/li>\n<\/ol>\n\n\n\n<p>Son tu activo intangible m\u00e1s importante y debes protegerlo. Nosotros podemos ayudarte a realizar una b\u00fasqueda &nbsp;que te permitir\u00e1 saber la factibilidad de protecci\u00f3n antes de realizar tu solicitud de marca; posteriormente el tr\u00e1mite de registro.&nbsp;<\/p>\n\n\n\n<ul class=\"wp-block-list\">\n<li>Cont\u00e1ctanos<\/li>\n\n\n\n<li>Nombre<\/li>\n\n\n\n<li>Correo electr\u00f3nico<\/li>\n\n\n\n<li>Tel\u00e9fono<\/li>\n\n\n\n<li>Nombre de la Marca<\/li>\n\n\n\n<li>Logotipo ( solo formato gif) agregar archivo<\/li>\n\n\n\n<li>Productos o servicios en que se utilizar\u00e1<\/li>\n\n\n\n<li>Enviar (Nos comunicaremos contigo).<\/li>\n<\/ul>\n\n\n\n<h2 class=\"wp-block-heading\">Ejemplos<\/h2>\n\n\n\n<p><\/p>\n","protected":false},"excerpt":{"rendered":"<p>Nuestros Servicios: En Intellectime, te ayudamos a identificar si tu proyecto tiene los requisitos necesarios para que puedas protegerlo, ya sea por patente de invenci\u00f3n, modelo de utilidad o dise\u00f1o industrial. Cont\u00e1ctanos y organizaremos una reuni\u00f3n virtual contigo para platicarte &hellip; <\/p>\n","protected":false},"author":1,"featured_media":0,"parent":0,"menu_order":0,"comment_status":"closed","ping_status":"closed","template":"","meta":{"footnotes":""},"class_list":["post-8","page","type-page","status-publish","hentry"],"yoast_head":"<!-- This site is optimized with the Yoast SEO plugin v20.8 - https:\/\/yoast.com\/wordpress\/plugins\/seo\/ -->\n<title>Servicios - Intellectime<\/title>\n<meta name=\"robots\" content=\"index, follow, max-snippet:-1, max-image-preview:large, max-video-preview:-1\" \/>\n<link rel=\"canonical\" href=\"https:\/\/intellectime.com.mx\/?page_id=8\" \/>\n<meta property=\"og:locale\" content=\"es_MX\" \/>\n<meta property=\"og:type\" content=\"article\" \/>\n<meta property=\"og:title\" content=\"Servicios - Intellectime\" \/>\n<meta property=\"og:description\" content=\"Nuestros Servicios: En Intellectime, te ayudamos a identificar si tu proyecto tiene los requisitos necesarios para que puedas protegerlo, ya sea por patente de invenci\u00f3n, modelo de utilidad o dise\u00f1o industrial. Cont\u00e1ctanos y organizaremos una reuni\u00f3n virtual contigo para platicarte &hellip;\" \/>\n<meta property=\"og:url\" content=\"https:\/\/intellectime.com.mx\/?page_id=8\" \/>\n<meta property=\"og:site_name\" content=\"Intellectime\" \/>\n<meta property=\"article:modified_time\" content=\"2023-03-23T20:14:05+00:00\" \/>\n<meta name=\"twitter:card\" content=\"summary_large_image\" \/>\n<meta name=\"twitter:label1\" content=\"Tiempo de lectura\" \/>\n\t<meta name=\"twitter:data1\" content=\"3 minutos\" \/>\n<script type=\"application\/ld+json\" class=\"yoast-schema-graph\">{\"@context\":\"https:\/\/schema.org\",\"@graph\":[{\"@type\":\"WebPage\",\"@id\":\"https:\/\/intellectime.com.mx\/?page_id=8\",\"url\":\"https:\/\/intellectime.com.mx\/?page_id=8\",\"name\":\"Servicios - Intellectime\",\"isPartOf\":{\"@id\":\"https:\/\/intellectime.com.mx\/#website\"},\"datePublished\":\"2023-03-23T16:51:56+00:00\",\"dateModified\":\"2023-03-23T20:14:05+00:00\",\"breadcrumb\":{\"@id\":\"https:\/\/intellectime.com.mx\/?page_id=8#breadcrumb\"},\"inLanguage\":\"es\",\"potentialAction\":[{\"@type\":\"ReadAction\",\"target\":[\"https:\/\/intellectime.com.mx\/?page_id=8\"]}]},{\"@type\":\"BreadcrumbList\",\"@id\":\"https:\/\/intellectime.com.mx\/?page_id=8#breadcrumb\",\"itemListElement\":[{\"@type\":\"ListItem\",\"position\":1,\"name\":\"Inicio\",\"item\":\"https:\/\/intellectime.com.mx\/\"},{\"@type\":\"ListItem\",\"position\":2,\"name\":\"Servicios\"}]},{\"@type\":\"WebSite\",\"@id\":\"https:\/\/intellectime.com.mx\/#website\",\"url\":\"https:\/\/intellectime.com.mx\/\",\"name\":\"Intellectime\",\"description\":\"Asesoria especializada en Propiedad Intelectual\",\"publisher\":{\"@id\":\"https:\/\/intellectime.com.mx\/#organization\"},\"potentialAction\":[{\"@type\":\"SearchAction\",\"target\":{\"@type\":\"EntryPoint\",\"urlTemplate\":\"https:\/\/intellectime.com.mx\/?s={search_term_string}\"},\"query-input\":\"required name=search_term_string\"}],\"inLanguage\":\"es\"},{\"@type\":\"Organization\",\"@id\":\"https:\/\/intellectime.com.mx\/#organization\",\"name\":\"Intellectime\",\"url\":\"https:\/\/intellectime.com.mx\/\",\"logo\":{\"@type\":\"ImageObject\",\"inLanguage\":\"es\",\"@id\":\"https:\/\/intellectime.com.mx\/#\/schema\/logo\/image\/\",\"url\":\"https:\/\/intellectime.com.mx\/wp-content\/uploads\/2023\/03\/Logo_Intellectime_single_small.png\",\"contentUrl\":\"https:\/\/intellectime.com.mx\/wp-content\/uploads\/2023\/03\/Logo_Intellectime_single_small.png\",\"width\":50,\"height\":50,\"caption\":\"Intellectime\"},\"image\":{\"@id\":\"https:\/\/intellectime.com.mx\/#\/schema\/logo\/image\/\"}}]}<\/script>\n<!-- \/ Yoast SEO plugin. -->","yoast_head_json":{"title":"Servicios - Intellectime","robots":{"index":"index","follow":"follow","max-snippet":"max-snippet:-1","max-image-preview":"max-image-preview:large","max-video-preview":"max-video-preview:-1"},"canonical":"https:\/\/intellectime.com.mx\/?page_id=8","og_locale":"es_MX","og_type":"article","og_title":"Servicios - Intellectime","og_description":"Nuestros Servicios: En Intellectime, te ayudamos a identificar si tu proyecto tiene los requisitos necesarios para que puedas protegerlo, ya sea por patente de invenci\u00f3n, modelo de utilidad o dise\u00f1o industrial. Cont\u00e1ctanos y organizaremos una reuni\u00f3n virtual contigo para platicarte &hellip;","og_url":"https:\/\/intellectime.com.mx\/?page_id=8","og_site_name":"Intellectime","article_modified_time":"2023-03-23T20:14:05+00:00","twitter_card":"summary_large_image","twitter_misc":{"Tiempo de lectura":"3 minutos"},"schema":{"@context":"https:\/\/schema.org","@graph":[{"@type":"WebPage","@id":"https:\/\/intellectime.com.mx\/?page_id=8","url":"https:\/\/intellectime.com.mx\/?page_id=8","name":"Servicios - Intellectime","isPartOf":{"@id":"https:\/\/intellectime.com.mx\/#website"},"datePublished":"2023-03-23T16:51:56+00:00","dateModified":"2023-03-23T20:14:05+00:00","breadcrumb":{"@id":"https:\/\/intellectime.com.mx\/?page_id=8#breadcrumb"},"inLanguage":"es","potentialAction":[{"@type":"ReadAction","target":["https:\/\/intellectime.com.mx\/?page_id=8"]}]},{"@type":"BreadcrumbList","@id":"https:\/\/intellectime.com.mx\/?page_id=8#breadcrumb","itemListElement":[{"@type":"ListItem","position":1,"name":"Inicio","item":"https:\/\/intellectime.com.mx\/"},{"@type":"ListItem","position":2,"name":"Servicios"}]},{"@type":"WebSite","@id":"https:\/\/intellectime.com.mx\/#website","url":"https:\/\/intellectime.com.mx\/","name":"Intellectime","description":"Asesoria especializada en Propiedad Intelectual","publisher":{"@id":"https:\/\/intellectime.com.mx\/#organization"},"potentialAction":[{"@type":"SearchAction","target":{"@type":"EntryPoint","urlTemplate":"https:\/\/intellectime.com.mx\/?s={search_term_string}"},"query-input":"required name=search_term_string"}],"inLanguage":"es"},{"@type":"Organization","@id":"https:\/\/intellectime.com.mx\/#organization","name":"Intellectime","url":"https:\/\/intellectime.com.mx\/","logo":{"@type":"ImageObject","inLanguage":"es","@id":"https:\/\/intellectime.com.mx\/#\/schema\/logo\/image\/","url":"https:\/\/intellectime.com.mx\/wp-content\/uploads\/2023\/03\/Logo_Intellectime_single_small.png","contentUrl":"https:\/\/intellectime.com.mx\/wp-content\/uploads\/2023\/03\/Logo_Intellectime_single_small.png","width":50,"height":50,"caption":"Intellectime"},"image":{"@id":"https:\/\/intellectime.com.mx\/#\/schema\/logo\/image\/"}}]}},"_links":{"self":[{"href":"https:\/\/intellectime.com.mx\/index.php?rest_route=\/wp\/v2\/pages\/8","targetHints":{"allow":["GET"]}}],"collection":[{"href":"https:\/\/intellectime.com.mx\/index.php?rest_route=\/wp\/v2\/pages"}],"about":[{"href":"https:\/\/intellectime.com.mx\/index.php?rest_route=\/wp\/v2\/types\/page"}],"author":[{"embeddable":true,"href":"https:\/\/intellectime.com.mx\/index.php?rest_route=\/wp\/v2\/users\/1"}],"replies":[{"embeddable":true,"href":"https:\/\/intellectime.com.mx\/index.php?rest_route=%2Fwp%2Fv2%2Fcomments&post=8"}],"version-history":[{"count":2,"href":"https:\/\/intellectime.com.mx\/index.php?rest_route=\/wp\/v2\/pages\/8\/revisions"}],"predecessor-version":[{"id":32,"href":"https:\/\/intellectime.com.mx\/index.php?rest_route=\/wp\/v2\/pages\/8\/revisions\/32"}],"wp:attachment":[{"href":"https:\/\/intellectime.com.mx\/index.php?rest_route=%2Fwp%2Fv2%2Fmedia&parent=8"}],"curies":[{"name":"wp","href":"https:\/\/api.w.org\/{rel}","templated":true}]}}